{"version":"1.0","provider_name":"Objectif Image","provider_url":"https:\/\/objectif-image.fr\/OI","author_name":"Gerard DIEBOLD","author_url":"https:\/\/objectif-image.fr\/OI\/author\/gerard63370-2-2-2-2-2-2\/","title":"9\u00b0 Gala audiovisuel de Lempdes - Objectif Image","type":"rich","width":600,"height":338,"html":"<blockquote class=\"wp-embedded-content\" data-secret=\"O0N3zYT3wm\"><a href=\"https:\/\/objectif-image.fr\/OI\/9-gala-audiovisuel-de-lempdes\/\">9\u00b0 Gala audiovisuel de Lempdes<\/a><\/blockquote><iframe sandbox=\"allow-scripts\" security=\"restricted\" src=\"https:\/\/objectif-image.fr\/OI\/9-gala-audiovisuel-de-lempdes\/embed\/#?secret=O0N3zYT3wm\" width=\"600\" height=\"338\" title=\"\u00ab\u00a09\u00b0 Gala audiovisuel de Lempdes\u00a0\u00bb &#8212; Objectif Image\" data-secret=\"O0N3zYT3wm\" frameborder=\"0\" marginwidth=\"0\" marginheight=\"0\" scrolling=\"no\" class=\"wp-embedded-content\"><\/iframe><script>\n\/*! This file is auto-generated *\/\n!function(d,l){\"use strict\";l.querySelector&&d.addEventListener&&\"undefined\"!=typeof URL&&(d.wp=d.wp||{},d.wp.receiveEmbedMessage||(d.wp.receiveEmbedMessage=function(e){var t=e.data;if((t||t.secret||t.message||t.value)&&!\/[^a-zA-Z0-9]\/.test(t.secret)){for(var s,r,n,a=l.querySelectorAll('iframe[data-secret=\"'+t.secret+'\"]'),o=l.querySelectorAll('blockquote[data-secret=\"'+t.secret+'\"]'),c=new RegExp(\"^https?:$\",\"i\"),i=0;i<o.length;i++)o[i].style.display=\"none\";for(i=0;i<a.length;i++)s=a[i],e.source===s.contentWindow&&(s.removeAttribute(\"style\"),\"height\"===t.message?(1e3<(r=parseInt(t.value,10))?r=1e3:~~r<200&&(r=200),s.height=r):\"link\"===t.message&&(r=new URL(s.getAttribute(\"src\")),n=new URL(t.value),c.test(n.protocol))&&n.host===r.host&&l.activeElement===s&&(d.top.location.href=t.value))}},d.addEventListener(\"message\",d.wp.receiveEmbedMessage,!1),l.addEventListener(\"DOMContentLoaded\",function(){for(var e,t,s=l.querySelectorAll(\"iframe.wp-embedded-content\"),r=0;r<s.length;r++)(t=(e=s[r]).getAttribute(\"data-secret\"))||(t=Math.random().toString(36).substring(2,12),e.src+=\"#?secret=\"+t,e.setAttribute(\"data-secret\",t)),e.contentWindow.postMessage({message:\"ready\",secret:t},\"*\")},!1)))}(window,document);\n\/\/# sourceURL=https:\/\/objectif-image.fr\/OI\/wp-includes\/js\/wp-embed.min.js\n<\/script>\n","thumbnail_url":"https:\/\/objectif-image.fr\/OI\/wp-content\/uploads\/2023\/01\/invitation-2023.jpg","thumbnail_width":1240,"thumbnail_height":561,"description":"Apr\u00e8s un calme subit cause COVID nos activit\u00e9s peuvent reprendre normalement. Objectif Image 63, club de Lempdes, invite les habitants de la r\u00e9gion de Clermont Ferrand \u00e0 participer \u00e0 notre 9\u00b0 Gala Audiovisuel. Le vendredi 27 janvier 2023 \u00e0 20h30 Entr\u00e9e libre"}

Après un calme subit cause COVID nos activités peuvent reprendre normalement. Objectif Image 63, club de Lempdes, invite les habitants de la région de Clermont Ferrand à participer à notre 9° Gala Audiovisuel. Le vendredi 27 janvier 2023 à 20h30 Entrée libre
