{"version":"1.0","provider_name":"Objectif Image","provider_url":"https:\/\/objectif-image.fr\/OI","author_name":"Pierre S","author_url":"https:\/\/objectif-image.fr\/OI\/author\/pierres-2-2\/","title":"FOTOCOURT - \"les contes d'Herbencel\" - Objectif Image","type":"rich","width":600,"height":338,"html":"<blockquote class=\"wp-embedded-content\" data-secret=\"rDYhfFmnad\"><a href=\"https:\/\/objectif-image.fr\/OI\/fotocourt-les-contes-dherbencel\/\">FOTOCOURT &#8211; \u00ab\u00a0les contes d&rsquo;Herbencel\u00a0\u00bb<\/a><\/blockquote><iframe sandbox=\"allow-scripts\" security=\"restricted\" src=\"https:\/\/objectif-image.fr\/OI\/fotocourt-les-contes-dherbencel\/embed\/#?secret=rDYhfFmnad\" width=\"600\" height=\"338\" title=\"\u00ab\u00a0FOTOCOURT &#8211; \u00ab\u00a0les contes d&rsquo;Herbencel\u00a0\u00bb\u00a0\u00bb &#8212; Objectif Image\" data-secret=\"rDYhfFmnad\" frameborder=\"0\" marginwidth=\"0\" marginheight=\"0\" scrolling=\"no\" class=\"wp-embedded-content\"><\/iframe><script>\n\/*! This file is auto-generated *\/\n!function(d,l){\"use strict\";l.querySelector&&d.addEventListener&&\"undefined\"!=typeof URL&&(d.wp=d.wp||{},d.wp.receiveEmbedMessage||(d.wp.receiveEmbedMessage=function(e){var t=e.data;if((t||t.secret||t.message||t.value)&&!\/[^a-zA-Z0-9]\/.test(t.secret)){for(var s,r,n,a=l.querySelectorAll('iframe[data-secret=\"'+t.secret+'\"]'),o=l.querySelectorAll('blockquote[data-secret=\"'+t.secret+'\"]'),c=new RegExp(\"^https?:$\",\"i\"),i=0;i<o.length;i++)o[i].style.display=\"none\";for(i=0;i<a.length;i++)s=a[i],e.source===s.contentWindow&&(s.removeAttribute(\"style\"),\"height\"===t.message?(1e3<(r=parseInt(t.value,10))?r=1e3:~~r<200&&(r=200),s.height=r):\"link\"===t.message&&(r=new URL(s.getAttribute(\"src\")),n=new URL(t.value),c.test(n.protocol))&&n.host===r.host&&l.activeElement===s&&(d.top.location.href=t.value))}},d.addEventListener(\"message\",d.wp.receiveEmbedMessage,!1),l.addEventListener(\"DOMContentLoaded\",function(){for(var e,t,s=l.querySelectorAll(\"iframe.wp-embedded-content\"),r=0;r<s.length;r++)(t=(e=s[r]).getAttribute(\"data-secret\"))||(t=Math.random().toString(36).substring(2,12),e.src+=\"#?secret=\"+t,e.setAttribute(\"data-secret\",t)),e.contentWindow.postMessage({message:\"ready\",secret:t},\"*\")},!1)))}(window,document);\n\/\/# sourceURL=https:\/\/objectif-image.fr\/OI\/wp-includes\/js\/wp-embed.min.js\n<\/script>\n","thumbnail_url":"https:\/\/objectif-image.fr\/OI\/wp-content\/uploads\/2025\/10\/Capture-decran-2025-10-26-085053.png","thumbnail_width":1067,"thumbnail_height":641,"description":"Le festival \u201cLes fotocourts\u201d \u00e9volue, s&rsquo;enrichit d&rsquo;artistes d&rsquo;autres horizons, et vous invite \u00e0 son tout premier spectacle transm\u00e9dia et multi-artistique \u00e0 dominante photographique \u201cLes contes d&rsquo;Herbencel\u201d2h avec entracte. Gratuit sur r\u00e9servation. 14 novembre 2025 \u00e0 20h30 \u00e0 la salle \u00ab Mascaret \u00bb de Blanquefort22 novembre \u00e0 20h30 au \u00ab Cerisier \u00bb \u00e0 Bordeaux-Bacalan \u201cLes contes [&hellip;]"}

Le festival “Les fotocourts” évolue, s&rsquo;enrichit d&rsquo;artistes d&rsquo;autres horizons, et vous invite à son tout premier spectacle transmédia et multi-artistique à dominante photographique “Les contes d&rsquo;Herbencel”2h avec entracte. Gratuit sur réservation. 14 novembre 2025 à 20h30 à la salle « Mascaret » de Blanquefort22 novembre à 20h30 au « Cerisier » à Bordeaux-Bacalan “Les contes [&hellip;]
