{"version":"1.0","provider_name":"Objectif Image","provider_url":"https:\/\/objectif-image.fr\/OI","author_name":"Pierre S","author_url":"https:\/\/objectif-image.fr\/OI\/author\/pierres-2-2\/","title":"Guillaume Herbaut \"Cr\u00e9puscule[s]. Conversations avec Eug\u00e8ne Trutat\" - Objectif Image","type":"rich","width":600,"height":338,"html":"<blockquote class=\"wp-embedded-content\" data-secret=\"j3Errz3uOE\"><a href=\"https:\/\/objectif-image.fr\/OI\/guillaume-herbaut-crepuscules-conversations-avec-eugene-trutat\/\">Guillaume Herbaut \u00ab\u00a0Cr\u00e9puscule[s]. Conversations avec Eug\u00e8ne Trutat\u00a0\u00bb<\/a><\/blockquote><iframe sandbox=\"allow-scripts\" security=\"restricted\" src=\"https:\/\/objectif-image.fr\/OI\/guillaume-herbaut-crepuscules-conversations-avec-eugene-trutat\/embed\/#?secret=j3Errz3uOE\" width=\"600\" height=\"338\" title=\"\u00ab\u00a0Guillaume Herbaut \u00ab\u00a0Cr\u00e9puscule[s]. Conversations avec Eug\u00e8ne Trutat\u00a0\u00bb\u00a0\u00bb &#8212; Objectif Image\" data-secret=\"j3Errz3uOE\" frameborder=\"0\" marginwidth=\"0\" marginheight=\"0\" scrolling=\"no\" class=\"wp-embedded-content\"><\/iframe><script>\n\/*! This file is auto-generated *\/\n!function(d,l){\"use strict\";l.querySelector&&d.addEventListener&&\"undefined\"!=typeof URL&&(d.wp=d.wp||{},d.wp.receiveEmbedMessage||(d.wp.receiveEmbedMessage=function(e){var t=e.data;if((t||t.secret||t.message||t.value)&&!\/[^a-zA-Z0-9]\/.test(t.secret)){for(var s,r,n,a=l.querySelectorAll('iframe[data-secret=\"'+t.secret+'\"]'),o=l.querySelectorAll('blockquote[data-secret=\"'+t.secret+'\"]'),c=new RegExp(\"^https?:$\",\"i\"),i=0;i<o.length;i++)o[i].style.display=\"none\";for(i=0;i<a.length;i++)s=a[i],e.source===s.contentWindow&&(s.removeAttribute(\"style\"),\"height\"===t.message?(1e3<(r=parseInt(t.value,10))?r=1e3:~~r<200&&(r=200),s.height=r):\"link\"===t.message&&(r=new URL(s.getAttribute(\"src\")),n=new URL(t.value),c.test(n.protocol))&&n.host===r.host&&l.activeElement===s&&(d.top.location.href=t.value))}},d.addEventListener(\"message\",d.wp.receiveEmbedMessage,!1),l.addEventListener(\"DOMContentLoaded\",function(){for(var e,t,s=l.querySelectorAll(\"iframe.wp-embedded-content\"),r=0;r<s.length;r++)(t=(e=s[r]).getAttribute(\"data-secret\"))||(t=Math.random().toString(36).substring(2,12),e.src+=\"#?secret=\"+t,e.setAttribute(\"data-secret\",t)),e.contentWindow.postMessage({message:\"ready\",secret:t},\"*\")},!1)))}(window,document);\n\/\/# sourceURL=https:\/\/objectif-image.fr\/OI\/wp-includes\/js\/wp-embed.min.js\n<\/script>\n","thumbnail_url":"https:\/\/objectif-image.fr\/OI\/wp-content\/uploads\/2023\/04\/Capture-decran-2023-04-24-120925.png","thumbnail_width":1080,"thumbnail_height":563,"description":"La Galerie Le Ch\u00e2teau d\u2019Eau \u00e0 Toulouse pr\u00e9sente \u00ab&nbsp;Cr\u00e9puscule(s)&nbsp;\u00bb de Guillaume Herbaut du 13 avril au 14 mai 2023 Guillaume Herbaut, photojournaliste est laur\u00e9at de la R\u00e9sidence 1+2 Factory en 2022. Depuis plusieurs mois, il r\u00e9alise une s\u00e9rie in\u00e9dite en partenariat avec le Mus\u00e9um d\u2019Histoire Naturelle de Toulouse, \u00e0 partir du fonds Eug\u00e8ne Trutat. Ce [&hellip;]"}

Guillaume Herbaut "Crépuscule[s]. Conversations avec Eugène Trutat" - Objectif Image

<blockquote class="wp-embedded-content" data-secret="j3Errz3uOE"><a href="https://objectif-image.fr/OI/guillaume-herbaut-crepuscules-conversations-avec-eugene-trutat/">Guillaume Herbaut « Crépuscule[s]. Conversations avec Eugène Trutat »</a></blockquote><iframe sandbox="allow-scripts" security="restricted" src="https://objectif-image.fr/OI/guillaume-herbaut-crepuscules-conversations-avec-eugene-trutat/embed/#?secret=j3Errz3uOE" width="600" height="338" title="« Guillaume Herbaut « Crépuscule[s]. Conversations avec Eugène Trutat » » &#8212; Objectif Image" data-secret="j3Errz3uOE" frameborder="0" marginwidth="0" marginheight="0" scrolling="no" class="wp-embedded-content"></iframe><script>
/*! This file is auto-generated */
!function(d,l){"use strict";l.querySelector&&d.addEventListener&&"undefined"!=typeof URL&&(d.wp=d.wp||{},d.wp.receiveEmbedMessage||(d.wp.receiveEmbedMessage=function(e){var t=e.data;if((t||t.secret||t.message||t.value)&&!/[^a-zA-Z0-9]/.test(t.secret)){for(var s,r,n,a=l.querySelectorAll('iframe[data-secret="'+t.secret+'"]'),o=l.querySelectorAll('blockquote[data-secret="'+t.secret+'"]'),c=new RegExp("^https?:$","i"),i=0;i<o.length;i++)o[i].style.display="none";for(i=0;i<a.length;i++)s=a[i],e.source===s.contentWindow&&(s.removeAttribute("style"),"height"===t.message?(1e3<(r=parseInt(t.value,10))?r=1e3:~~r<200&&(r=200),s.height=r):"link"===t.message&&(r=new URL(s.getAttribute("src")),n=new URL(t.value),c.test(n.protocol))&&n.host===r.host&&l.activeElement===s&&(d.top.location.href=t.value))}},d.addEventListener("message",d.wp.receiveEmbedMessage,!1),l.addEventListener("DOMContentLoaded",function(){for(var e,t,s=l.querySelectorAll("iframe.wp-embedded-content"),r=0;r<s.length;r++)(t=(e=s[r]).getAttribute("data-secret"))||(t=Math.random().toString(36).substring(2,12),e.src+="#?secret="+t,e.setAttribute("data-secret",t)),e.contentWindow.postMessage({message:"ready",secret:t},"*")},!1)))}(window,document);
//# sourceURL=https://objectif-image.fr/OI/wp-includes/js/wp-embed.min.js
</script>

La Galerie Le Château d’Eau à Toulouse présente «&nbsp;Crépuscule(s)&nbsp;» de Guillaume Herbaut du 13 avril au 14 mai 2023 Guillaume Herbaut, photojournaliste est lauréat de la Résidence 1+2 Factory en 2022. Depuis plusieurs mois, il réalise une série inédite en partenariat avec le Muséum d’Histoire Naturelle de Toulouse, à partir du fonds Eugène Trutat. Ce [&hellip;]
