{"version":"1.0","provider_name":"Objectif Image","provider_url":"https:\/\/objectif-image.fr\/OI","author_name":"Pierre S","author_url":"https:\/\/objectif-image.fr\/OI\/author\/pierres-2-2\/","title":"Portraits ? - Objectif Image","type":"rich","width":600,"height":338,"html":"<blockquote class=\"wp-embedded-content\" data-secret=\"pceZGLFxX4\"><a href=\"https:\/\/objectif-image.fr\/OI\/portraits\/\">Portraits ?<\/a><\/blockquote><iframe sandbox=\"allow-scripts\" security=\"restricted\" src=\"https:\/\/objectif-image.fr\/OI\/portraits\/embed\/#?secret=pceZGLFxX4\" width=\"600\" height=\"338\" title=\"\u00ab\u00a0Portraits ?\u00a0\u00bb &#8212; Objectif Image\" data-secret=\"pceZGLFxX4\" frameborder=\"0\" marginwidth=\"0\" marginheight=\"0\" scrolling=\"no\" class=\"wp-embedded-content\"><\/iframe><script>\n\/*! This file is auto-generated *\/\n!function(d,l){\"use strict\";l.querySelector&&d.addEventListener&&\"undefined\"!=typeof URL&&(d.wp=d.wp||{},d.wp.receiveEmbedMessage||(d.wp.receiveEmbedMessage=function(e){var t=e.data;if((t||t.secret||t.message||t.value)&&!\/[^a-zA-Z0-9]\/.test(t.secret)){for(var s,r,n,a=l.querySelectorAll('iframe[data-secret=\"'+t.secret+'\"]'),o=l.querySelectorAll('blockquote[data-secret=\"'+t.secret+'\"]'),c=new RegExp(\"^https?:$\",\"i\"),i=0;i<o.length;i++)o[i].style.display=\"none\";for(i=0;i<a.length;i++)s=a[i],e.source===s.contentWindow&&(s.removeAttribute(\"style\"),\"height\"===t.message?(1e3<(r=parseInt(t.value,10))?r=1e3:~~r<200&&(r=200),s.height=r):\"link\"===t.message&&(r=new URL(s.getAttribute(\"src\")),n=new URL(t.value),c.test(n.protocol))&&n.host===r.host&&l.activeElement===s&&(d.top.location.href=t.value))}},d.addEventListener(\"message\",d.wp.receiveEmbedMessage,!1),l.addEventListener(\"DOMContentLoaded\",function(){for(var e,t,s=l.querySelectorAll(\"iframe.wp-embedded-content\"),r=0;r<s.length;r++)(t=(e=s[r]).getAttribute(\"data-secret\"))||(t=Math.random().toString(36).substring(2,12),e.src+=\"#?secret=\"+t,e.setAttribute(\"data-secret\",t)),e.contentWindow.postMessage({message:\"ready\",secret:t},\"*\")},!1)))}(window,document);\n\/\/# sourceURL=https:\/\/objectif-image.fr\/OI\/wp-includes\/js\/wp-embed.min.js\n<\/script>\n","thumbnail_url":"https:\/\/objectif-image.fr\/OI\/wp-content\/uploads\/2019\/11\/bandeau.jpg","thumbnail_width":723,"thumbnail_height":337,"description":"Objectif Image Montpellier expose du 16 novembre au 01 d\u00e9cembre, Mus\u00e9e Hofer-Bury &#8211; Ch\u00e2teau des \u00e9v\u00eaques \u00e0 Lav\u00e9rune (34) PORTRAITS ? Le portrait a suivi l\u2019histoire des hommes. De sa repr\u00e9sentation picturale, r\u00e9serv\u00e9e aux \u00e9lites, \u00e0 une plus large d\u00e9mocratisation par la photographie, il est aujourd\u2019hui install\u00e9 dans notre quotidien. Le num\u00e9rique l\u2019a propuls\u00e9 d\u2019un [&hellip;]"}

Objectif Image Montpellier expose du 16 novembre au 01 décembre, Musée Hofer-Bury &#8211; Château des évêques à Lavérune (34) PORTRAITS ? Le portrait a suivi l’histoire des hommes. De sa représentation picturale, réservée aux élites, à une plus large démocratisation par la photographie, il est aujourd’hui installé dans notre quotidien. Le numérique l’a propulsé d’un [&hellip;]
