{"version":"1.0","provider_name":"Objectif Image","provider_url":"https:\/\/objectif-image.fr\/OI","author_name":"Pierre S","author_url":"https:\/\/objectif-image.fr\/OI\/author\/pierres-2-2\/","title":"Prix Betoux 2021 - Objectif Image","type":"rich","width":600,"height":338,"html":"<blockquote class=\"wp-embedded-content\" data-secret=\"UAfqP6KYJv\"><a href=\"https:\/\/objectif-image.fr\/OI\/prix-betoux-2019\/\">Prix Betoux 2021<\/a><\/blockquote><iframe sandbox=\"allow-scripts\" security=\"restricted\" src=\"https:\/\/objectif-image.fr\/OI\/prix-betoux-2019\/embed\/#?secret=UAfqP6KYJv\" width=\"600\" height=\"338\" title=\"\u00ab\u00a0Prix Betoux 2021\u00a0\u00bb &#8212; Objectif Image\" data-secret=\"UAfqP6KYJv\" frameborder=\"0\" marginwidth=\"0\" marginheight=\"0\" scrolling=\"no\" class=\"wp-embedded-content\"><\/iframe><script>\n\/*! This file is auto-generated *\/\n!function(d,l){\"use strict\";l.querySelector&&d.addEventListener&&\"undefined\"!=typeof URL&&(d.wp=d.wp||{},d.wp.receiveEmbedMessage||(d.wp.receiveEmbedMessage=function(e){var t=e.data;if((t||t.secret||t.message||t.value)&&!\/[^a-zA-Z0-9]\/.test(t.secret)){for(var s,r,n,a=l.querySelectorAll('iframe[data-secret=\"'+t.secret+'\"]'),o=l.querySelectorAll('blockquote[data-secret=\"'+t.secret+'\"]'),c=new RegExp(\"^https?:$\",\"i\"),i=0;i<o.length;i++)o[i].style.display=\"none\";for(i=0;i<a.length;i++)s=a[i],e.source===s.contentWindow&&(s.removeAttribute(\"style\"),\"height\"===t.message?(1e3<(r=parseInt(t.value,10))?r=1e3:~~r<200&&(r=200),s.height=r):\"link\"===t.message&&(r=new URL(s.getAttribute(\"src\")),n=new URL(t.value),c.test(n.protocol))&&n.host===r.host&&l.activeElement===s&&(d.top.location.href=t.value))}},d.addEventListener(\"message\",d.wp.receiveEmbedMessage,!1),l.addEventListener(\"DOMContentLoaded\",function(){for(var e,t,s=l.querySelectorAll(\"iframe.wp-embedded-content\"),r=0;r<s.length;r++)(t=(e=s[r]).getAttribute(\"data-secret\"))||(t=Math.random().toString(36).substring(2,12),e.src+=\"#?secret=\"+t,e.setAttribute(\"data-secret\",t)),e.contentWindow.postMessage({message:\"ready\",secret:t},\"*\")},!1)))}(window,document);\n\/\/# sourceURL=https:\/\/objectif-image.fr\/OI\/wp-includes\/js\/wp-embed.min.js\n<\/script>\n","thumbnail_url":"https:\/\/objectif-image.fr\/OI\/wp-content\/uploads\/2019\/08\/bandeau-1.jpg","thumbnail_width":1245,"thumbnail_height":482,"description":"Cette ann\u00e9e le jury du prix Betoux est organis\u00e9 par Objectif Image Tr\u00e9gor Depuis 1986, Objectif Image d\u00e9cerne une bourse \u00e0 la cr\u00e9ation, appel\u00e9e \u00ab Prix Gilbert Betoux \u00bb, en hommage \u00e0 notre pr\u00e9sident fondateur.&nbsp; Passer d\u2019une photographie unique \u00e0 une s\u00e9rie aboutie, pr\u00e9senter un portfolio d\u2019images coh\u00e9rentes, avoir une d\u00e9marche cr\u00e9ative, homog\u00e8ne, tel est [&hellip;]"}

Cette année le jury du prix Betoux est organisé par Objectif Image Trégor Depuis 1986, Objectif Image décerne une bourse à la création, appelée « Prix Gilbert Betoux », en hommage à notre président fondateur.&nbsp; Passer d’une photographie unique à une série aboutie, présenter un portfolio d’images cohérentes, avoir une démarche créative, homogène, tel est [&hellip;]
