{"version":"1.0","provider_name":"Objectif Image","provider_url":"https:\/\/objectif-image.fr\/OI","author_name":"Pierre S","author_url":"https:\/\/objectif-image.fr\/OI\/author\/pierres-2-2\/","title":"Rencontres du film Photographique et Cin\u00e9ma - Objectif Image","type":"rich","width":600,"height":338,"html":"<blockquote class=\"wp-embedded-content\" data-secret=\"0oOVERHYQr\"><a href=\"https:\/\/objectif-image.fr\/OI\/rencontres-du-film-photographique-et-cinema\/\">Rencontres du film Photographique et Cin\u00e9ma<\/a><\/blockquote><iframe sandbox=\"allow-scripts\" security=\"restricted\" src=\"https:\/\/objectif-image.fr\/OI\/rencontres-du-film-photographique-et-cinema\/embed\/#?secret=0oOVERHYQr\" width=\"600\" height=\"338\" title=\"\u00ab\u00a0Rencontres du film Photographique et Cin\u00e9ma\u00a0\u00bb &#8212; Objectif Image\" data-secret=\"0oOVERHYQr\" frameborder=\"0\" marginwidth=\"0\" marginheight=\"0\" scrolling=\"no\" class=\"wp-embedded-content\"><\/iframe><script>\n\/*! This file is auto-generated *\/\n!function(d,l){\"use strict\";l.querySelector&&d.addEventListener&&\"undefined\"!=typeof URL&&(d.wp=d.wp||{},d.wp.receiveEmbedMessage||(d.wp.receiveEmbedMessage=function(e){var t=e.data;if((t||t.secret||t.message||t.value)&&!\/[^a-zA-Z0-9]\/.test(t.secret)){for(var s,r,n,a=l.querySelectorAll('iframe[data-secret=\"'+t.secret+'\"]'),o=l.querySelectorAll('blockquote[data-secret=\"'+t.secret+'\"]'),c=new RegExp(\"^https?:$\",\"i\"),i=0;i<o.length;i++)o[i].style.display=\"none\";for(i=0;i<a.length;i++)s=a[i],e.source===s.contentWindow&&(s.removeAttribute(\"style\"),\"height\"===t.message?(1e3<(r=parseInt(t.value,10))?r=1e3:~~r<200&&(r=200),s.height=r):\"link\"===t.message&&(r=new URL(s.getAttribute(\"src\")),n=new URL(t.value),c.test(n.protocol))&&n.host===r.host&&l.activeElement===s&&(d.top.location.href=t.value))}},d.addEventListener(\"message\",d.wp.receiveEmbedMessage,!1),l.addEventListener(\"DOMContentLoaded\",function(){for(var e,t,s=l.querySelectorAll(\"iframe.wp-embedded-content\"),r=0;r<s.length;r++)(t=(e=s[r]).getAttribute(\"data-secret\"))||(t=Math.random().toString(36).substring(2,12),e.src+=\"#?secret=\"+t,e.setAttribute(\"data-secret\",t)),e.contentWindow.postMessage({message:\"ready\",secret:t},\"*\")},!1)))}(window,document);\n\/\/# sourceURL=https:\/\/objectif-image.fr\/OI\/wp-includes\/js\/wp-embed.min.js\n<\/script>\n","thumbnail_url":"https:\/\/objectif-image.fr\/OI\/wp-content\/uploads\/2025\/11\/pour-Pierre-6.jpg","thumbnail_width":1900,"thumbnail_height":1267,"description":"Du 7 au 9 novembre 2025, Objectif Image organisait \u00e0 S\u00e8te, ses premi\u00e8res Rencontres du film \u00ab\u00a0Cin\u00e9ma\u00a0\u00bb et du film \u00ab\u00a0Photo\u00a0\u00bb. Ce sont pr\u00e8s de 80 participants, qui se sont r\u00e9unis pour visionner, discuter, d\u00e9battre de la soixantaine de films mis \u00e0 la discussion. . . . . Une conf\u00e9rence de Alexe LIEBERT sur le [&hellip;]"}

Rencontres du film Photographique et Cinéma - Objectif Image

<blockquote class="wp-embedded-content" data-secret="0oOVERHYQr"><a href="https://objectif-image.fr/OI/rencontres-du-film-photographique-et-cinema/">Rencontres du film Photographique et Cinéma</a></blockquote><iframe sandbox="allow-scripts" security="restricted" src="https://objectif-image.fr/OI/rencontres-du-film-photographique-et-cinema/embed/#?secret=0oOVERHYQr" width="600" height="338" title="« Rencontres du film Photographique et Cinéma » &#8212; Objectif Image" data-secret="0oOVERHYQr" frameborder="0" marginwidth="0" marginheight="0" scrolling="no" class="wp-embedded-content"></iframe><script>
/*! This file is auto-generated */
!function(d,l){"use strict";l.querySelector&&d.addEventListener&&"undefined"!=typeof URL&&(d.wp=d.wp||{},d.wp.receiveEmbedMessage||(d.wp.receiveEmbedMessage=function(e){var t=e.data;if((t||t.secret||t.message||t.value)&&!/[^a-zA-Z0-9]/.test(t.secret)){for(var s,r,n,a=l.querySelectorAll('iframe[data-secret="'+t.secret+'"]'),o=l.querySelectorAll('blockquote[data-secret="'+t.secret+'"]'),c=new RegExp("^https?:$","i"),i=0;i<o.length;i++)o[i].style.display="none";for(i=0;i<a.length;i++)s=a[i],e.source===s.contentWindow&&(s.removeAttribute("style"),"height"===t.message?(1e3<(r=parseInt(t.value,10))?r=1e3:~~r<200&&(r=200),s.height=r):"link"===t.message&&(r=new URL(s.getAttribute("src")),n=new URL(t.value),c.test(n.protocol))&&n.host===r.host&&l.activeElement===s&&(d.top.location.href=t.value))}},d.addEventListener("message",d.wp.receiveEmbedMessage,!1),l.addEventListener("DOMContentLoaded",function(){for(var e,t,s=l.querySelectorAll("iframe.wp-embedded-content"),r=0;r<s.length;r++)(t=(e=s[r]).getAttribute("data-secret"))||(t=Math.random().toString(36).substring(2,12),e.src+="#?secret="+t,e.setAttribute("data-secret",t)),e.contentWindow.postMessage({message:"ready",secret:t},"*")},!1)))}(window,document);
//# sourceURL=https://objectif-image.fr/OI/wp-includes/js/wp-embed.min.js
</script>

Du 7 au 9 novembre 2025, Objectif Image organisait à Sète, ses premières Rencontres du film « Cinéma » et du film « Photo ». Ce sont près de 80 participants, qui se sont réunis pour visionner, discuter, débattre de la soixantaine de films mis à la discussion. . . . . Une conférence de Alexe LIEBERT sur le [&hellip;]
